 - 2)*1/(-2))/1. Suppose c = b - 41 - 38. List the prime factors of b.
79
Let n be (-32)/48*279/(-2). Suppose -n + 222 = 3*y. What are the prime factors of y?
43
Let p(j) = -j**3 + 2*j**2 + j + 10. Let t be p(4). Let b be ((-14)/(-4))/((-9)/t). List the prime factors of (b + 2 + -2)*3.
3, 7
Let k(r) be the second derivative of r**4/6 + 3*r**3/2 + 3*r**2/2 - 2*r. Let d(n) = 5*n**3 - 2*n**2 - n. Let u be d(-1). List the prime factors of k(u).
3, 7
Suppose h + 2*k - 752 = 0, -h + 4*k + 0*k = -776. Suppose 0 = b + 4*b + 5*d - h, 0 = 5*b + d - 744. List the prime factors of b.
2, 37
Suppose -4*b + 4*q + 92 = 0, -77 = -3*b - b - q. Let j = b - 16. Suppose 0 = -2*h + k + 90, -j*k - 7 = -5*h + 215. What are the prime factors of h?
2, 23
Let t = 1991 - -714. What are the prime factors of t?
5, 541
Suppose 0 = h - 0*h. Suppose f - 9*f + 440 = h. List the prime factors of f.
5, 11
Suppose 336 = 4*r - 980. List the prime factors of r.
7, 47
Let f(z) = z**3 + 11*z**2 + z + 15. Let p be f(-11). Let l(v) = 5*v**3 - 6*v**2 + 4*v - 1. List the prime factors of l(p).
239
Let p(j) = 2*j**3 + 49*j**2 + 7*j + 1. What are the prime factors of p(-23)?
1427
Suppose -190*t = -193*t + 822. List the prime factors of t.
2, 137
What are the prime factors of 1047 - 9/((-15)/5)?
2, 3, 5, 7
List the prime factors of (5/50*15)/((-6)/(-592)).
2, 37
Suppose -264 = -2*k + u, -5*k - 1 = -u - 658. Let o = k + -74. List the prime factors of o.
3, 19
Let l(r) = 13*r**2 + 27*r + 8. What are the prime factors of l(-11)?
2, 3, 107
Let x(h) be the third derivative of h**5/60 + 17*h**4/24 + 2*h**3 - 12*h**2. Let w be x(-14). Let q = 44 + w. List the prime factors of q.
2, 7
Let n = -16 - -23. Suppose -2*z = -n*z + 235. What are the prime factors of z?
47
Let n(v) = 4*v - 28. Let w be n(-13). Let x = w + 232. What are the prime factors of x?
2, 19
Let y be (-2)/((-26)/10 - -3). Let s(f) = -f - 7. Let k be s(y). Let w(p) = 7*p**2 + 3*p + 3. What are the prime factors of w(k)?
5
Let x(l) = l**3 + 45*l**2 + 85*l + 82. List the prime factors of x(-42).
2, 11, 41
Suppose d + o + 4 = 9, o + 13 = 5*d. Suppose -k - 7 = w, -5*w - 3 = d*k + 42. List the prime factors of (84/(-10))/(w/30).
3, 7
Suppose 0 = 4*z + 2*g - 354, 0*g - 4*g + 438 = 5*z. Let q be (62/2)/((-1)/(-2)). Let s = z - q. List the prime factors of s.
2, 7
Suppose 4*d + 482 = x, 2*d + 973 = 2*x - 3*d. List the prime factors of x.
2, 13, 19
Let r = -250 + 173. List the prime factors of (0 + 3 + -4)/(1/r).
7, 11
Suppose 6*j - 756 = -60. What are the prime factors of j?
2, 29
Let c be ((2 - 29)*1)/1. Let w = c - -259. What are the prime factors of w?
2, 29
What are the prime factors of 1720 - (-12)/((-10)/5)?
2, 857
Suppose -4*o + 1732 = -4*d, 2*o - 6*o = 0. Let g = -232 - d. List the prime factors of g.
3, 67
Suppose -2*j - j + 5*v + 40 = 0, -5*v = 3*j + 10. Suppose j*m = -2*s - 42, 0*m - m = 2*s + 2. Let w = m - -26. List the prime factors of w.
2
List the prime factors of (2614 - (11 - 0)) + -7.
2, 11, 59
Suppose 0 = 7*v - 28, -4*c + 5648 = -c - v. What are the prime factors of c?
2, 3, 157
Let m be 2517/9 - (-1)/3. Suppose -h - m = -5*t, t - 81 = 2*h - 34. What are the prime factors of t?
3, 19
What are the prime factors of 6/14 - 15648/(-42)?
373
Suppose -1784 = -3*n - 2*b, 4*n = b + b + 2360. What are the prime factors of n?
2, 37
Let i be 2*(-3)/(-6) - 0. Let l = -15 + i. Let s = 1 - l. What are the prime factors of s?
3, 5
Let p = -8 + -10. Let m = p - -28. Let o = m - 6. List the prime factors of o.
2
Let o(h) = 12*h**2 + 2. Let l(v) = v + 20. Let k be l(-15). List the prime factors of o(k).
2, 151
Suppose -6*y + 806 = -y - p, 4*y - 649 = 5*p. Let t = y + -88. List the prime factors of t.
73
Suppose 5*r = -4*d + 1763, 5*r = -2*d + 3*d + 1778. List the prime factors of r.
5, 71
Let q = -952 + 2306. List the prime factors of q.
2, 677
Let n be 42/(-63) - ((-293)/3 - -1). Suppose -3*x = -3*c + 150, 4*c - n - 132 = -3*x. What are the prime factors of c?
2, 3
Suppose 3*f - f - 4 = 0. Suppose f*h + 5*s = -0*s + 12, 5*h - 5*s = -40. Let i(y) = 2*y**2 + 3*y + 1. What are the prime factors of i(h)?
3, 7
Suppose 4*f + 4*l - 6*l - 20130 = 0, 2*f + 2*l - 10068 = 0. List the prime factors of f.
7, 719
Let r(k) = k**3 - 4*k**2 + 3*k + 13. Let a(j) = 8*j**3 + j**2 - 2. Let n be a(1). List the prime factors of r(n).
181
Let m = -28 + 245. List the prime factors of m.
7, 31
Suppose m = -3, -v - 11*m + 8*m + 530 = 0. List the prime factors of v.
7, 11
Let w(s) = -3*s**3 + 3*s**2 + 3*s + 1. Let f be w(-1). Let v = 53 + -40. Suppose -141 = -f*r - v. List the prime factors of r.
2
Let w(r) = -16 - 33 - 25 - 6*r + 13. List the prime factors of w(-14).
23
Let h(k) = -k**2 - 35*k + 31. What are the prime factors of h(-34)?
5, 13
Let y = 22 - 20. Suppose -12 = -h + 2*q, -y*h + 10 = -q - 5. What are the prime factors of (h - -2) + (-8 - -5)?
5
Let s(x) be the first derivative of 4*x + 1 + 1/2*x**2. List the prime factors of s(7).
11
Let t(y) = -y**3 - 2*y + 1. Let q = 12 - 11. Let c be t(q). What are the prime factors of ((-68)/6)/(c/3)?
17
Suppose 0 = 2*d - 5*m + 27, 2*d = 2*m + 20 - 62. Suppose 6 = 4*b + 38. Let r = b - d. What are the prime factors of r?
2, 3
Let t = -7 - -1. Let b be (-1 + -1)/(4/t). Suppose -35 = b*u - 8*u. What are the prime factors of u?
7
Let r(z) = 5*z**3 - 8*z**2 + 21*z - 4. List the prime factors of r(9).
2, 37, 43
Let f = 291 - 328. Let j = 1 - 64. Let l = f - j. What are the prime factors of l?
2, 13
Let s be (6/(-4))/(3/(-8)). Let h(m) = -m**3 + 9*m**2 - 4*m - 2. List the prime factors of h(s).
2, 31
Suppose -2*m = -781 - 1637. List the prime factors of m.
3, 13, 31
What are the prime factors of (2394/56)/((-1)/(-16))?
2, 3, 19
Let q = -1061 + 1159. Suppose -x - 70 = -4*s, -2*x + s + 65 = 205. Let z = q + x. List the prime factors of z.
2, 7
Let q(w) = 51*w + 38. List the prime factors of q(8).
2, 223
Let i(b) = 3*b**2 - 8*b - 6. Let p be i(3). Let t(x) = 3*x**2 + 6*x + 4. List the prime factors of t(p).
13
Let j(p) = p**3 + 9*p**2 - 3*p - 12. Let s be j(-9). Let b be 6/15 - (-24)/s. Suppose 5*w = -b*u - 0*w + 35, 2*u = -3*w + 25. What are the prime factors of u?
5
Let u(o) = 3*o - 11. Let g be u(-3). What are the prime factors of (-2124)/(-15) + 12/g?
3, 47
Let b(d) = 155*d - 25. List the prime factors of b(3).
2, 5, 11
Let p(a) = 43*a**2 - 35*a. What are the prime factors of p(-7)?
2, 3, 7
Suppose 0 = 4*x + y - 2105, x + 78 = -4*y + 608. Suppose 5*n + 119 = c, -3*n = -4*c - 8*n + x. List the prime factors of c.
3, 43
Let d be (-2)/(-12) + 4225/(-6). What are the prime factors of d/((-8)/2) - 4?
2, 43
Suppose -5*s = -3*o + 199, 4*s + 10 = -s. What are the prime factors of o?
3, 7
Suppose o + 3*r - 5 = 5, -5*o + 3*r + 122 = 0. What are the prime factors of (o + -1)*(8/(-3) + 3)?
7
Let r(d) = d + 2. Let z be r(3). Let b be (-1)/1*(-3 + z). List the prime factors of 24 - (-3 - b - 1).
2, 13
Let c(g) = 2*g**3 - 24*g**2 + 58*g + 24. What are the prime factors of c(16)?
2, 3, 5
Suppose -5*j = 2*o - j + 18, 2*j = 5*o + 9. Let r = o - -6. What are the prime factors of (r + -2)*60/3?
2, 5
Suppose 227 = c - 4*t - 484, -2886 = -4*c - 5*t. List the prime factors of c.
719
Let d(x) = x**3 - 6*x**2 - 8*x - 9. Let o be d(7). Let j = o - -23. Suppose 140 = -3*c + j*c. What are the prime factors of c?
5, 7
Let d(a) = -2*a - 21. Let r be d(-12). Suppose -2*o + z = -0*o - 547, 0 = r*z - 3. What are the prime factors of o?
2, 137
Suppose -68 = 2*x - 0*x. Let v be x/(-4)*-2 - -4. Let b = 23 + v. What are the prime factors of b?
2, 5
What are the prime factors of (-2)/(-15) - 125572/60*-1?
7, 13, 23
Suppose x - 139 = 1. What are the prime factors of x?
2, 5, 7
Suppose 0*b - b = 9. Let m be (b/(-4))/(6/(-24)). What are the prime factors of (1 + -2)/(3/m)?
3
Let o be (-5 + 3)/((-1)/40). Suppose k + 3*c - 41 = 0, -o = -2*k + c - 5*c. Suppose -l + k = 11. What are the prime factors of l?
3
Let s(z) = 7*z**2 - 9*z + 33. What are the prime factors of s(3)?
3, 23
Suppose -10*t + 3276 = -7*t. Suppose -4*i = 2*i - t. What are the prime factors of i?
2, 7, 13
Let n = -248 + 513. What are the prime factors of n?
5, 53
Suppose 2*x - 4*k = 108, 0 = 5*x - 5*k - 328 + 43. Suppose 2*p + 5*r - 8 = 44, -4*p + r = -x. Suppose 3*u - 2*u = p. What are the pri